5
-39
What is -25 - ((19 - 13 - 16) + 31 - 39)?
-7
What is the value of 2 + -23 - -29 - 59?
-51
Evaluate (-52 - -73 - -94 - (1 + 0)) + 1 + -11.
104
(1 - -114) + (44 + 33 - 87) - -18
123
Calculate 7 + -2 + -3 + -6 + (0 - 6) - -13.
3
What is 9 + (-7 - (28 - 23)) + 6?
3
Evaluate 36 + (-45 - (6 - -49)) - (4 + 0).
-68
-2 + (1 + 2 - (-6 + 15)) + 16
8
What is the value of -24 - (-21 - (-31 - -37))?
3
Evaluate -6 + 13 - -30 - (-44 + 19) - -22.
84
What is the value of 9 - (35 + -19) - (-4 + 6 + -2)?
-7
Evaluate 1 - -44 - (-20 + 22).
43
(126 - 69 - 23) + (-2 - -1)
33
(-17 - 1) + -1200 + 1245
27
Calculate 7 + -8 - (-1 - -5) - (333 - 281).
-57
61 - 34 - (17 - (7 + 6))
23
87 + (-54 - (-54 + 19))
68
Evaluate 134 - 59 - (1 + 2) - (23 + -28).
77
What is the value of (-907 - -951) + (-1 + 4 - (-1 + 8))?
40
-1 + 14 + (-27 - -3 - (46 - 118))
61
Calculate 53 + (90 - 59 - (0 - -2)).
82
What is 9 + (-6 - -27) - -13?
43
Calculate 0 + (4 - (33 - 41 - (-10 - -3))).
5
-15 + (2 - (11 + 1 - (26 + -11 + -10)))
-20
Evaluate 0 + -2 + 6 + (-140 - -138) + -15 + -66.
-79
0 + 4 - (381 + -406)
29
What is the value of -57 + 78 + -27 + (-23 - 5)?
-34
What is (-52 - (26 - 18 - 2)) + 3?
-55
Calculate 0 + 12 - 32 - (10 - (-4 - -26)) - 12.
-20
What is the value of (5 + -13 + -7 + -2 - -16) + 9?
8
What is 302 + -90 + -149 + -93?
-30
What is the value of (7443 - 7485) + 1 + 116?
75
What is (27 - (28 + 42)) + 37?
-6
What is ((-15 - 12) + 11 - -127) + -34?
77
Evaluate -6 + -9 + (-32 - -42) + 52.
47
(-30 - -31) + -31 + (-2 - 6) - -11
-27
(-1 - 0) + (-2998 + 2999 - (3 - (4 - 2)))
-1
Evaluate 0 - (-45 + -3 + 14).
34
Calculate 55 + (12 - (6 + 23 + -37 - -12)).
63
-23 + 84 + -137 + -10
-86
What is the value of (80 + -29 - -2) + 0 + -3 + 3 + 0?
53
What is -23 - (-10 - (11 + -6)) - -75?
67
What is the value of 18 + (-13 - -7) + 2 + -10 + 61?
65
(50 - 37) + 21 + (-2 - -4)
36
Calculate 83 + 0 - ((-133 - -284) + -174).
106
Calculate (-20 - 53) + (-6 - -84).
5
Evaluate (17 - 25 - 2) + (5 - (-12 - 50)).
57
What is the value of -135 - (-10 - (-24 + -6 + 55))?
-100
Calculate (0 - -1 - 5) + 12 + -85 + (11 - -4).
-62
Calculate -72 - (29 - 86) - (4 - 0).
-19
Evaluate -23 - (64 + (24 - 40)).
-71
What is the value of 110 + -3 + (7 - 7 - 22) + 0?
85
What is -43 + (-1 - -2) + 58 + -20 + -47 - -3?
-48
What is the value of 39 + 1 + (107 - 107)?
40
What is the value of 7 - (41 + -5 + (-3 - -7) + (6 - -4))?
-43
Evaluate -22 - ((-10 - -7) + 28 + -17).
-30
42 + (17 - 71) + 51 - (1 + 1 - -1)
36
Evaluate 14 - (92 + -1 + -873 + 849).
-53
Calculate (-31218 - -31213) + (-4 + 1 - -1) + 1.
-6
What is 76 + -145 - (3 - (5 + (6 - (-1 + -4))))?
-56
Calculate -62 + (33 + -65 - -9) + 9.
-76
-13 + -261 + 264 + 0 + -20 + 1 + 12
-17
3 + (-3 + (-6 + 26 + 5 - -2) - 10)
17
What is (27 - (37 + 7)) + 5 + 2 + 94?
84
-118 + -31 + 127 + -92
-114
25 + -49 - -19 - -18 - (0 + 41 + -1)
-27
Evaluate 19 + -24 - (-72 + 40).
27
-44 + 9 + -11 + (32 - 7) - (1 + 10)
-32
What is (359 - 337) + (-2 - (4 - 1))?
17
Calculate (6272 - 6279) + -2 + -1 + 3 + -15.
-22
What is 21 - 56 - -36 - (-2 + -7)?
10
(1 - -4 - (21 + -30)) + (37 - 39 - -45)
57
What is the value of (-5 - (23 + -18)) + 26?
16
(-15 - -72) + (-6 + 19 + -3 - 7)
60
Calculate (-20 - ((-43 - -40) + -5 + -6)) + 9 + 1.
4
Evaluate -17 - (14 + -2 + -9 - 14).
-6
What is -31 - (-208 + 109 - 2)?
70
Evaluate 0 - (1 + -79) - ((1 - 60) + (1660 - 1588)).
65
Evaluate 6 + (51 - ((-9 - -1) + (-45 + -33 - -73))).
70
What is (-7 - 7) + (-25 - (-13 - 4)) + -33?
-55
Calculate 0 + 3 - -6 - (31 + -10 + -23 + -15).
26
Calculate 108 + 3 + (2261 - 2323).
49
What is the value of (25 - 10) + (-9 - (-1 + -6))?
13
(10 - (14 + -19 + -7) - 34) + 0
-12
Calculate -2 + (2 - -12) - (-249 - -190).
71
Evaluate (-65 + (44 - 18) - -3) + 68.
32
25 + -27 + (22 - (11 - -13))
-4
Evaluate 11 + -61 + 2 + 5 - (-2 + -1).
-40
What is (42 - 7) + -9 + (350 - 315)?
61
Evaluate -61 - (44 + -122) - (1 + 15).
1
Evaluate -61 - (-9 - 105) - 97.
-44
What is 3 + 17 + (61 - (46 + 13))?
22
What is the value of 1 + -2 - -25 - (-59507 + 59448)?
83
(10 + -4 - 9 - 0 - 5) + -25
-33
Calculate -16 - (1 + -15 - (23 + -26)).
-5
Calculate 49 + (-14 - (-14 - -20) - (-12 + -1)).
42
What is the value of 63 - (118 + (57 - 109))?
-3
What is -67 - (45 - 68) - -18?
-26
What is 3 + (-15 - 29) + 26 + (2 - 98)?
-111
(-41 - -67) + 21 - 66
-19
(289 - 286 - (-15 + -1) - (-1 + 10)) + 5
15
Calculate (-114 - (-77 - -41)) + 179.
101
-1 - (-11 - 3) - ((7 - -13) + -18)
11
15 - -3 - 4 - (-14 + 30)
-2
Calculate -10 + (1 - -4) + 0 + 13 + 35.
43
Calculate -1360 + 1361 - (1 + -1 - (-6 - 37)).
-42
Evaluate (-2 + (0 - -3) - 56) + (-187 - (-54 - 140)).
-48
(3 + (-1 - (-11 + 8)) - 8) + (-1 - 39)
-43
Calculate -177 - 0 - (122 - 243).
-56
22 - (23 - -5 - (-25 - -39))
8
What is -104 + 80 + (-34 - 2) + -19?
-79
Evaluate 69 + -3 + -122 + 12.
-44
Calculate 12 + 22 - 4 - 2.
28
Evaluate -7 - ((-64 - -46) + (6 + -2 - -3)).
4
What is the value of 16 + (-16 - -27 - 7) - 17 - -39?
42
What is the value of -2 - (-24 - ((0 - 13) + 13))?
22
Evaluate (0 - 10) + (-30 - (8 + -6)) + -5.
-47
10 - 1 - ((30 - (31 + -18)) + -54)
46
Evaluate -22 - ((26 - 62) + 38).
-24
What is the value of -38 - -17 - 92 - (-11 + -6 + 12)?
-108
-101 + (14 - 54) + 84
-57
Evaluate ((35 - 26) + -133 - -28) + (-9 - (4 - 4)).
-105
What is 26 + (56 - 145) + (-3 - -2 - -14)?
-50
What is -39 - 6 - (-44 + 34)?
-35
-4 - (-779 + 841 - ((-2 - 3) + 1))
-70
Evaluate 24 + (34 + -51 + 19 - 45).
-19
-9 + 1 - (1967 + -1999)
24
What is the value of (0 - -1) + -397 + 450 + -13?
41
113 - (1 - 4 - -13 - (-328 + 336))
111
Evaluate 49 + 44 + -39 + (2 - 2) + 3.
57
-54 - (43 + (32 - 84))
-45
What is -3 + 271 + (1138 - 1271)?
135
Evaluate 54 + -6 + (-2 - 21) + -54.
-29
What is 10 - 5 - (-6 - -15) - 4?
-8
What is -170 - (8 - (64 - 44)) - -32?
-126
(5 + 41 - -4) + -92
-42
Evaluate -29 - (-11 - (6 - ((7 - -5) + -9))).
-15
What is the value of -46 + (34 - 29 - (13 - 3)) + 10 + -1?
-42
What is 3 + -7 + (25 - 25 - -3) + 2 + -58?
-57
Calculate 0 + -97 + (-14 - (-8 + 7 - 12)) - -12.
-86
(112 + -56 - 123) + 92
25
What is -72 - 16 - -88 - 15?
-15
What is (-83 - -94) + (76 - 73)?
14
Evaluate -27 + -42 + 58 + (6 - -81).
76
(6 - (-9 - -9)) + -35 + -2 + -2
-33
Evaluate (-3 - -22) + -34 + 8 + 39.
32
-38 - (-1 + -75 - -12)
26
What is (-38 - -31 - (-14 + 3 + 2)) + 57 + 9?
68
What is the value of -1 + -7 - (2462 + -2460)?
-10
What is (51 + (11 - 26) - 22) + -70?
-56
Calculate 13 + (11 + -31 - (-7 - -10)).
-10
(-48 + 172 - 121) + 4 + 1
8
Calculate 63 + -8 - 9 - 51.
-5
Evaluate (4 + (6 - 18) - -13) + -10.
-5
Calculate -24 + (58 - (5 - -14)) - -14.
29
Calculate (-6 + 22 - 4) + -2 + 6 + -26.
-10
Evaluate -125 + -49 + 197 - (-55 - (-3 - -2)).
77
What is 49 - (-11 + (-110 - -151))?
19
3 + -25 + -21 + (-2 - (9 - -7))
-61
Calculate 47 + -32 + -255 + 274.
34
What is the value of (-5 + 20 - (-10 - -7)) + -87 + 99?
30
15 - (-29 + (197 + -27 - 27))
-99
What is 7 + 0 + -8 + 62 + (-150 - -126)?
37
What is the value of -136 + 8 + -13 + 10 + -7 + (12 - -4)?
-122
What is -243 - (70 + -191) - -40?
-82
What is -267 + 222 + (9 - -81)?
45
43 - (82 + -33 + -5)
-1
What is (-27 - (-22 - 14)) + (15 + -6 - -18)?
36
105 + -63 + -50 + -103
-111
Calculate 14 + (0 - ((2 - -43) + (25 - 33)) - 13).
-36
What is -16 + -2 - (18 + (-3 + -84 - -11))?
40
What is -46 - (10 - -56 - 116) - (0 - (11 - 0))?
15
(-15 - (-79 + 52)) + (2 - 4) + -5 + -1
4
Calculate (0 - -26) + (62 - (121 - 37)).
4
Calculate -13 - (-9 - -34 - 4 - (2 - -10)).
-22
7 + -28 + 9 + (17 - -9)
14
12 + (2 - 57 - -5 - 6) + -4
-48
(-12 - ((-69 - -3) + 7)) + (-86 - -91)
52
What is (0 - -36) + -31 - 5 - -81?
81
Evaluate 1 - 28 - (-12 + (-33 - (-75 - -24))).
-33
What is 0 - (-43 - (-45 - 60))?
-62
What is the value of -19 - (7 + -18) - (9 - (1 + 24))?
8
-12 + (10 + -19 - (-13 + 11 + 2))
-21
What is -82 + (-118 + 210 - -49)?
59
Evaluate 136 - (178 + -45 - 56).
59
101 + (-7 - -4) - 1 - (5403 - 5407)
101
What is 143 + -142 + -17 + (35 - -14)?
33
Evaluate -25 + -64 + 197 + -23.
85
What is the value of 32 + 3 + 1 + 337 + -354 - (2 - 8)?
25
What is -23 - -14 - -12 - (3 - (7 - 19))?
-12
What is the value of -21 - (9 + 3 + (32 - 20 - 21))?
-24
Evaluate 24 + (-32 - -75 - 62) + (2 - -1).
8
Evaluate (1961 - 1992) + (-2 - -2 - 13).
-44
What is -11 + -4 - (-124 